le of 16?
True
Is 3166 a multiple of 46?
False
Does 18 divide 2340?
True
Is 3199 a multiple of 7?
True
Is 8 a factor of 656?
True
Is 50 a factor of 500?
True
Does 102 divide 20633?
False
Does 14 divide 6544?
False
Is 186 a factor of 7440?
True
Is 26 a factor of 6026?
False
Is 4224 a multiple of 96?
True
Is 16 a factor of 304?
True
Does 46 divide 1748?
True
Is 14 a factor of 2033?
False
Does 45 divide 315?
True
Is 8 a factor of 258?
False
Is 120 a factor of 60914?
False
Is 48 a factor of 1125?
False
Is 1195 a multiple of 22?
False
Is 7 a factor of 938?
True
Is 276 a multiple of 5?
False
Is 24 a multiple of 5?
False
Is 9 a factor of 414?
True
Is 1288 a multiple of 56?
True
Does 28 divide 7028?
True
Does 8 divide 4666?
False
Does 52 divide 4920?
False
Does 63 divide 1665?
False
Does 19 divide 4199?
True
Does 137 divide 41665?
False
Is 2160 a multiple of 48?
True
Is 2184 a multiple of 11?
False
Is 21320 a multiple of 65?
True
Is 5032 a multiple of 17?
True
Does 18 divide 18810?
True
Is 18746 a multiple of 13?
True
Is 27494 a multiple of 15?
False
Is 26 a factor of 6812?
True
Is 82 a factor of 10958?
False
Is 20847 a multiple of 60?
False
Does 14 divide 2229?
False
Is 28 a multiple of 14?
True
Does 6 divide 138?
True
Is 12 a factor of 236?
False
Is 49430 a multiple of 10?
True
Does 14 divide 3490?
False
Does 5 divide 20806?
False
Does 58 divide 870?
True
Does 23 divide 8445?
False
Is 16 a factor of 320?
True
Does 3 divide 3738?
True
Does 10 divide 724?
False
Is 1310 a multiple of 10?
True
Does 45 divide 840?
False
Does 3 divide 10?
False
Is 246 a multiple of 41?
True
Is 22266 a multiple of 8?
False
Does 16 divide 1936?
True
Is 852 a multiple of 40?
False
Is 38511 a multiple of 33?
True
Is 4637 a multiple of 4?
False
Does 110 divide 12760?
True
Is 1292 a multiple of 17?
True
Is 341 a multiple of 31?
True
Does 12 divide 42378?
False
Does 22 divide 682?
True
Is 49 a factor of 22540?
True
Is 51 a factor of 3927?
True
Is 110 a multiple of 14?
False
Does 132 divide 122823?
False
Is 586 a multiple of 4?
False
Does 17 divide 1827?
False
Is 198 a multiple of 18?
True
Is 42 a factor of 2394?
True
Does 17 divide 13022?
True
Does 16 divide 2368?
True
Does 11 divide 38259?
False
Is 2214 a multiple of 18?
True
Is 89 a factor of 36225?
False
Does 10 divide 784?
False
Does 10 divide 1570?
True
Does 24 divide 5110?
False
Is 8 a factor of 9269?
False
Is 13090 a multiple of 119?
True
Is 196 a factor of 13865?
False
Is 4 a factor of 656?
True
Does 323 divide 33915?
True
Does 28 divide 999?
False
Is 5819 a multiple of 227?
False
Does 22 divide 1320?
True
Does 28 divide 15708?
True
Is 17 a factor of 748?
True
Is 24 a multiple of 8?
True
Is 421 a multiple of 46?
False
Does 14 divide 350?
True
Is 12330 a multiple of 45?
True
Does 2 divide 154?
True
Is 2519 a multiple of 37?
False
Is 71319 a multiple of 10?
False
Is 998 a multiple of 8?
False
Does 87 divide 3435?
False
Is 34 a factor of 19346?
True
Does 4 divide 4798?
False
Is 504 a multiple of 18?
True
Is 3 a factor of 1746?
True
Is 3823 a multiple of 3?
False
Does 22 divide 1518?
True
Is 1353 a multiple of 41?
True
Is 2 a factor of 336?
True
Does 12 divide 732?
True
Is 17 a factor of 6001?
True
Is 8680 a multiple of 40?
True
Is 14009 a multiple of 53?
False
Is 15899 a multiple of 13?
True
Does 7 divide 26817?
True
Is 3 a factor of 8092?
False
Does 7 divide 2100?
True
Is 3069 a multiple of 31?
True
Is 824 a multiple of 6?
False
Does 243 divide 169857?
True
Is 508 a multiple of 29?
False
Is 7 a factor of 13?
False
Is 448 a multiple of 28?
True
Is 1794 a multiple of 46?
True
Is 115 a multiple of 5?
True
Is 44036 a multiple of 16?
False
Does 4 divide 3655?
False
Does 14 divide 351?
False
Does 3 divide 26817?
True
Is 40 a factor of 7400?
True
Does 53 divide 1231?
False
Does 6 divide 534?
True
Is 12 a factor of 1284?
True
Does 9 divide 222?
False
Is 2208 a multiple of 69?
True
Is 5239 a multiple of 10?
False
Does 25 divide 1248?
False
Is 33108 a multiple of 6?
True
Is 85 a factor of 6094?
False
Is 66 a multiple of 15?
False
Does 32 divide 1512?
False
Is 701 a multiple of 32?
False
Does 25 divide 2574?
False
Does 22 divide 18656?
True
Is 64 a factor of 2723?
False
Is 68888 a multiple of 218?
True
Does 11 divide 62766?
True
Does 22 divide 9130?
True
Is 4 a factor of 144?
True
Does 48 divide 2555?
False
Does 22 divide 1298?
True
Does 27 divide 13095?
True
Is 9 a factor of 738?
True
Does 58 divide 3499?
False
Is 8424 a multiple of 24?
True
Is 12 a factor of 42808?
False
Does 17 divide 2448?
True
Is 59856 a multiple of 58?
True
Is 4998 a multiple of 14?
True
Does 155 divide 8060?
True
Is 25 a factor of 175?
True
Is 45 a factor of 35415?
True
Is 2566 a multiple of 32?
False
Is 430 a multiple of 3?
False
Is 2039 a multiple of 19?
False
Is 1535 a multiple of 21?
False
Does 6 divide 7374?
True
Is 897 a multiple of 13?
True
Is 10 a factor of 799?
False
Does 33 divide 28720?
False
Is 598 a multiple of 13?
True
Does 21 divide 105?
True
Is 10 a factor of 5124?
False
Is 1254 a multiple of 22?
True
Is 111 a factor of 2220?
True
Is 10 a factor of 42180?
True
Does 5 divide 110?
True
Does 92 divide 1840?
True
Is 11 a factor of 1110?
False
Does 15 divide 24210?
True
Does 30 divide 4935?
False
Is 134 a factor of 24120?
True
Is 168 a multiple of 4?
True
Is 13040 a multiple of 16?
True
Does 2 divide 197?
False
Is 4 a factor of 3572?
True
Does 214 divide 51360?
True
Is 28 a factor of 140?
True
Does 12 divide 384?
True
Does 80 divide 44233?
False
Is 1490 a multiple of 27?
False
Is 8145 a multiple of 45?
True
Is 15 a factor of 315?
True
Is 5 a factor of 150?
True
Does 81 divide 20898?
True
Is 627 a multiple of 19?
True
Does 15 divide 935?
False
Is 3 a factor of 361?
False
Is 88199 a multiple of 44?
False
Is 64 a factor of 15121?
False
Does 4 divide 1091?
False
Is 19 a factor of 8360?
True
Does 13 divide 195?
True
Is 37 a factor of 10257?
False
Does 218 divide 21456?
False
Does 9 divide 2349?
True
Is 28 a factor of 4060?
True
Does 114 divide 3985?
False
Is 21714 a multiple of 141?
True
Is 74 a factor of 14874?
True
Is 1092 a multiple of 13?
True
Is 70 a multiple of 10?
True
Does 5 divide 174?
False
Is 18997 a multiple of 53?
False
Does 6 divide 276?
True
Is 868 a multiple of 7?
True
Is 1602 a multiple of 18?
True
Does 148 divide 6808?
True
Does 37 divide 129887?
False
Is 76 a factor of 1140?
True
Is 79 a factor of 1659?
True
Is 7 a factor of 53067?
True
Is 2259 a multiple of 41?
False
Does 30 divide 37?
False
Is 9 a factor of 1112?
False
Does 28 divide 5096?
True
Is 16 a factor of 37952?
True
Is 54 a multiple of 54?
True
Is 28 a factor of 975?
False
Does 9 divide 234?
True
Does 254 divide 7874?
True
Does 11 divide 43?
False
Is 3066 a multiple of 146?
True
Is 125 a multiple of 24?
False
Is 78 a factor of 156?
True
Does 26 divide 30432?
False
Is 5577 a multiple of 23?
False
Is 13 a factor of 1755?
True
Is 25 a factor of 353?
False
Does 24 divide 53786?
False
Is 233 a multiple of 6?
False
Is 95225 a multiple of 12?
False
Is 165 a multiple of 11?
True
Is 8 a factor of 160?
True
Is 4589 a multiple of 13?
True
Is 34007 a multiple of 10?
False
Is 25154 a multiple of 70?
False
Is 2759 a multiple of 22?
False
Is 405 a multiple of 5?
True
Is 9846 a multiple of 85?
False
Is 9 a factor of 324?
True
Does 76 divide 16286?
False
Does 6 divide 4861?
False
Is 53 a factor of 206?
False
Does 5 divide 48?
False
Does 38 divide 1076?
False
Does 10 divide 4602?
False
Is 23789 a multiple of 163?
False
Is 224 a multiple of 16?
True
Does 5 divide 1655?
True
Is 5 a factor of 250?
True
Is 19 a factor of 7391?
True
Is 61 a factor of 70760?
True
Is 21272 a multiple of 28?
False
Is 1080 a multiple of 18?
True
Does 11 divide 13233?
True
Is 5 a factor of 1420?
True
Is 26 a factor of 4036?
False
Does 12 divide 45026?
False
Does 16 divide 96?
True
Does 16 divide 15324?
False
Does 18 divide 11718?
True
Does 6 divide 62?
False
Does 27 divide 26406?
True
Is 58 a factor of 12354?
True
Does 2 divide 114?
True
Is 18 a factor of 4248?
True
Does 124 divide 11532?
True
Is 30 a factor of 3264?
False
Is 48 a factor of 12384?
True
Does 7 divide 1668?
False
Is 26687 a multiple of 27?
False
Is 241 a factor of 111131?
False
Does 25 divide 3484?
False
Is 2060 a multiple of 11?
False
Does 3 divide 